0*z = q - 2*z - 22, 54 = 2*q + z. What is the greatest common divisor of q and 1898?
26
Let u = 1206 - 612. What is the greatest common factor of 66 and u?
66
Let m(r) = r + 4. Let i be m(6). Let q = -43 - -57. Suppose 0 = 2*w - w + 3*c - 17, -2*w - 2*c = -q. Calculate the greatest common divisor of i and w.
2
Suppose 193*w - 144 = 181*w. What is the highest common divisor of w and 54?
6
Let f = 1040 - 1023. What is the highest common divisor of f and 4?
1
Let w be 18/(-7)*(5 + (-87)/9). Suppose -2*o = 5*d - 60, -2*o - 2*o - 3*d + 92 = 0. What is the greatest common divisor of o and w?
4
Let x(d) = -d**2 + 21*d - 29. Let j be x(19). Suppose -3*v + j*v - 90 = 0. What is the highest common factor of v and 3?
3
Let z(t) = t**2 + 7*t - 2. Let p be z(-5). Let x = 4 + p. Let i be (-1 + 2)/(x/(-80)). What is the highest common factor of i and 2?
2
Let v(j) be the third derivative of -j**4/8 + j**2. Let b be v(-1). Suppose 45 = b*d + 3*g, g = -4*d - d + 79. What is the greatest common factor of 32 and d?
16
Let h = 339 - 335. What is the greatest common factor of 76 and h?
4
Let l = 16 - -7. Let q = -20 + l. Suppose 115 = q*b - 11. Calculate the highest common divisor of 6 and b.
6
Suppose -5 = -h - 1. Let v(l) = -l + 22. Let n be v(22). Suppose s - 3*f = -0*f + 7, n = -5*s + 2*f + 9. Calculate the highest common factor of h and s.
1
Suppose 62*p = 60*p + 16. Let h = 5 - 4. Calculate the highest common factor of p and h.
1
Suppose 120 = 3*p - m - 2*m, -4*p - 3*m = -146. Suppose -103 + p = -5*f. What is the greatest common divisor of f and 13?
13
Let k be (-3)/(-9) - 34/(-6). Let c = 0 + k. Suppose 4*t - 50 + c = 0. Calculate the highest common divisor of 88 and t.
11
Suppose r - 5*f = -r - 7, 4*f - 12 = 0. Let d = -296 - -324. What is the highest common factor of d and r?
4
Let t = 739 + -459. Calculate the greatest common factor of t and 35.
35
Let w be (-20)/(-6)*(-12)/(-2). Suppose -2*n + 257 = 5*c, -2*c = 2*n - 5*c - 217. Let x be 6 + n/(-20) - 24/(-5). What is the highest common divisor of x and w?
5
Suppose 18*n + 325 = 19*n. What is the highest common factor of n and 25?
25
Suppose -q = -0*q - 2. Suppose q*l - 117 = 197. Suppose 5*s - 3*f = l, 2*s = 3*f - 0*f + 61. Calculate the greatest common divisor of 4 and s.
4
Suppose -2*u + 4*d = 5*d - 6, d + 4 = 0. Suppose -111 = -u*k + 249. Calculate the greatest common factor of k and 6.
6
Let p(x) = -x**3 + 18*x**2 - 19*x + 50. Let o be p(17). What is the highest common factor of o and 96?
16
Let j(n) = -2*n**3 - n**2. Let t be j(-3). Suppose -6*h + 11*h = t. Let y(p) = 3*p - 3. Let g be y(3). What is the greatest common divisor of h and g?
3
Suppose -3*h + 3*l = 27, -4*h - 49 = 4*l + 27. Let q = h + 40. Suppose -9 + 204 = 3*i. Calculate the greatest common divisor of q and i.
13
Suppose 2*c = -2*c - 5*l - 6, -5*c - 5*l - 5 = 0. Suppose -x + 3 = c. Let a be 6 + 0 - (x - 0). Calculate the greatest common factor of a and 8.
4
Let g = 6 - 5. Suppose 13 = 4*n + 5. Suppose -n*u + 5 = -11. Calculate the greatest common factor of u and g.
1
Let m(p) = 68*p**2 + 109*p - 108. Let i be m(1). Calculate the highest common factor of i and 3.
3
Let h = 589 - 473. What is the greatest common factor of h and 4?
4
Suppose 5*y - 13 - 7 = 0. Suppose -59 = -5*l - y. Let q(b) = -2*b**3 - 5*b**2 - 3*b - 5. Let s be q(-4). Calculate the highest common divisor of l and s.
11
Let g(p) = -7*p**3 + 2*p**2 + p. Let r be g(-1). Let q be 10 + 64 - (-6 + 8). Calculate the highest common divisor of q and r.
8
Let k(i) = -11*i - 8. Let g(m) = 2*m - 1. Let d be g(2). Suppose 43 - 31 = -d*j. Let s be k(j). What is the greatest common factor of 24 and s?
12
Let d be (-11)/3 + 56/(-42). Let n(z) = 2*z**2 + 5*z - 17. Let s be n(d). Calculate the greatest common factor of 8 and s.
8
Let h = 20 + -9. Suppose -4*w + 9 = -2*n + 109, -5*n + 229 = -3*w. Calculate the highest common divisor of h and n.
11
Let t(u) be the second derivative of -u**3/6 + 11*u**2/2 + 17*u. Let s be t(3). What is the highest common divisor of s and 8?
8
Suppose 4*h = 4*i + 16, -5*h = 2*i + i - 28. Suppose 0 = d - 128 + h. Calculate the highest common divisor of 41 and d.
41
Suppose 4*s = 6*y - 2*y - 160, 4*s - 144 = -4*y. Suppose 0 = y*n - 34*n - 100. What is the greatest common factor of n and 50?
25
Let m = -675 + 763. What is the greatest common factor of m and 220?
44
Let b = 24 + -23. Suppose -t = -5 - b. Calculate the highest common divisor of 6 and t.
6
Let u(r) = 26*r - 1282. Let k be u(73). Calculate the greatest common divisor of k and 231.
77
Suppose 5*o - 23 = 7. Let u be 1/(-2) - (-63)/o. Calculate the greatest common factor of u and 10.
10
Suppose -2*b = -4*i - 2, -3*b + 1 = 4*i + 8. Let z be (-50)/2*-1 + i. What is the highest common divisor of 8 and z?
8
Let g = -1016 - -1324. Calculate the highest common divisor of g and 572.
44
Let h = -2672 - -2675. Let o(t) = 2*t + 4. Let s(v) = -3*v - 9. Let f(m) = 9*o(m) + 4*s(m). Let x be f(4). Calculate the highest common divisor of x and h.
3
Suppose -29 + 129 = 2*u. Suppose 4*k = -k + u. Let x be -3 + k/(-6)*-15. Calculate the greatest common factor of x and 242.
22
Let q = 14 + 30. Let s = q - 41. What is the greatest common divisor of 9 and s?
3
Suppose 0*l - 3*l + 516 = -3*j, -j = -4*l + 682. Let t(f) = -14*f - 30. Let h be t(-7). What is the highest common factor of h and l?
34
Suppose -2*o - 2*o + 20 = 0. Let s be ((-102)/9)/((4/14)/(285/(-133))). Calculate the highest common divisor of s and o.
5
Suppose -560 = 5*n - 5*c, 0*n + 408 = -4*n - 4*c. Let d = n - -116. What is the highest common divisor of 171 and d?
9
Let z = 27 - 15. Let k(c) = -7*c - 30. Let w(u) = -u**3 - 16*u**2 + 18*u + 11. Let l be w(-17). Let h be k(l). Calculate the highest common factor of h and z.
12
Let m(n) = -87*n - 587. Let w be m(-7). Let j = -54 + 109. What is the highest common factor of w and j?
11
Suppose 0 = -f + 5*t - 518 - 112, -f = -t + 642. Let h = -437 - f. What is the highest common divisor of h and 13?
13
Let b(u) = -u**3 + 20*u**2 - 13*u + 6. Let g be b(18). Suppose -3*f = -84 - g. Calculate the greatest common divisor of f and 42.
42
Let m(o) = 276*o + 99. Let v be m(1). What is the greatest common divisor of 75 and v?
75
Suppose 3661*f = 3676*f - 1740. What is the greatest common divisor of f and 1044?
116
Let g be 156/(-10)*(-645)/86. Calculate the greatest common divisor of g and 26.
13
Let m(s) = 6*s**2 - 12*s + 24. Let q be m(10). What is the highest common divisor of q and 144?
72
Let b(o) = -o**2 + 5*o - 1. Let n be b(4). Suppose 0 = -2*a + 5 - n. Let w be a/((3/(-8))/(-3)). What is the greatest common factor of 56 and w?
8
Let t = 14 + -12. Let f be 728/42 - 2/(-3). Let h = f - 14. What is the greatest common divisor of t and h?
2
Let x = 27 + -19. Suppose 0 = -2*v + 34 + 304. Suppose -2*a + v = 25. Calculate the highest common divisor of a and x.
8
Let k = -419 + 427. Calculate the highest common divisor of 56 and k.
8
Let g(r) = -r**3 + 6*r**2 - r - 17. Let o be g(5). Suppose -4*h + 22 = 4*a + 2, -3*a + 18 = 4*h. Calculate the greatest common factor of h and o.
3
Suppose 39 = 6*m - 261. Let i be 1/(4/(-32))*m/(-4). What is the highest common divisor of i and 25?
25
Suppose -98*d = -96*d - 90. Let b be 1*-3*1*-5. What is the greatest common divisor of b and d?
15
Let g(d) = 2*d**2 - 6*d + 7. Let z be g(7). Suppose o = 4*o + 3*p - 72, 0 = 4*o - 4*p - 72. Calculate the greatest common factor of o and z.
21
Let b(t) = -1 + t**3 - t**3 - 2*t**2 + 0 - 9*t**3 - 2*t. Let q be b(-1). Let i = -5 - -9. What is the highest common factor of q and i?
4
Suppose 121*k = 103*k + 7290. Calculate the highest common divisor of 15 and k.
15
Let z = -997 - -1008. What is the highest common factor of z and 814?
11
Let t be 6930/440*5/((-5)/(-28)). Calculate the greatest common factor of t and 49.
49
Suppose -h = -2*h + 4*s + 19, 0 = 2*h + 3*s - 5. Suppose 0 = h*u - 6*u. Suppose -z + 11 = -u*z. Calculate the greatest common factor of z and 99.
11
Suppose 2*y + 92 = q, -229 = -5*q - 3*y + 270. Let n(c) = c**3 - 2*c**2 - 4*c - 2. Let t be n(4). Calculate the highest common factor of q and t.
14
Suppose 3*v - 49 = -2*y, -3*v - y = -0*v - 47. Suppose -23*a + 26*a = v. Suppose l = a*l - 56. What is the greatest common factor